
{"id":27,"date":"2020-09-08T21:04:45","date_gmt":"2020-09-08T19:04:45","guid":{"rendered":"http:\/\/communaute-israelite-saint-louis.fr\/?page_id=27"},"modified":"2020-09-23T21:56:02","modified_gmt":"2020-09-23T19:56:02","slug":"ecoles","status":"publish","type":"page","link":"https:\/\/communaute-israelite-saint-louis.fr\/?page_id=27","title":{"rendered":"ECOLES ET YESHIVA"},"content":{"rendered":"\n<h4 class=\"wp-block-heading\"><\/h4>\n\n\n\n<h4 class=\"wp-block-heading\">E<strong>cole<\/strong> <strong>Ner Lemosh\u00e9<\/strong> (Hol&rsquo; et Kodech)<\/h4>\n\n\n\n<h4 class=\"wp-block-heading\">       \u2022<strong> Jardin d\u2019enfants<\/strong><\/h4>\n\n\n\n<h4 class=\"wp-block-heading\">       \u2022 <strong>Ecole primaire <\/strong><\/h4>\n\n\n\n<h4 class=\"wp-block-heading\">       \u2022 <strong>Secondaire<\/strong><\/h4>\n\n\n\n<p>3 rue du Gal. Cassagnou, 68300 Saint-Louis<\/p>\n\n\n\n<p>T\u00e9l: 03 89 69 48 89 \/ 06 87 94 55 44<\/p>\n\n\n\n<p>Fax: 03 89 69 48 88<\/p>\n\n\n\n<p><\/p>\n\n\n\n<h4 class=\"wp-block-heading\"><strong>Yeshivath Or Hatalmoud<\/strong><\/h4>\n\n\n\n<p>Rosh Yeshiva : Rav Yaacov MEYER<\/p>\n\n\n\n<p>3 rue du Gal. Cassagnou, 68300 Saint-Louis<\/p>\n\n\n\n<p>T\u00e9l: 03 89 69 07 05 (Direction), 03 89 69 06 41 (El\u00e8ves)<\/p>\n\n\n\n<p><\/p>\n\n\n\n<p><strong>La Yechivat Or Hatalmoud de St-Louis<\/strong> est une bonne reproduction de la \u05ea\u05d9\u05d1\u05d4 de \u05e0\u05d7, fournissant \u00e0 la jeunesse de France, Suisse, et d\u2019autres pays encore la protection n\u00e9cessaire contre les dangers des influences ext\u00e9rieures d\u2019aujourd\u2019hui, et dirigeant leurs \u00e9nergies vers l\u2019\u00e9tude de notre \u05ea\u05d5\u05e8\u05d4 \u05d4\u05e7\u05d3\u05d5\u05e9\u05d4 .<\/p>\n\n\n\n<p>La Yechiva, qui est situ\u00e9e en France, \u00e0 St Louis, aux fronti\u00e8res de la Suisse et l\u2019Allemagne, fut fond\u00e9e voici 40 ans par le Rosh Yechiva Hagaon Harav R\u00e9ouven Hal\u00e9vi Meyer Chlita, avec Rav Moch\u00e9 (Marco) Hal\u00e9vi Meyer&nbsp; Chlita , et sous la direction de Maran Hagaon Harav Moch\u00e9 Soloveitchik Zatsal, et plus tard de Maran Hagaon Harav Ahron Y\u00e9houda Leib Shteinmann Zatsal. Elle fut la premi\u00e8re Y\u00e9chiva de la r\u00e9gion enseignant uniquement du Kodesh.<\/p>\n\n\n\n<p>Aujourd\u2019hui, des centaines d\u2019\u00e9l\u00e8ves sont pass\u00e9s par la Y\u00e9chiva, la plupart desquels&nbsp; sont des Avr\u00e9chim, dont un grand nombre continue \u00e0 propager la \u05ea\u05d5\u05e8\u05d4 \u05d4\u05e7\u05d3\u05d5\u05e9\u05d4 en publiant des Sefarim ainsi qu\u2019en servant de Roshei Y\u00e9chiva, Maguidei Chiourim, et Rabanim.&nbsp;<\/p>\n\n\n\n<p><\/p>\n","protected":false},"excerpt":{"rendered":"<p>Ecole Ner Lemosh\u00e9 (Hol&rsquo; et Kodech) \u2022 Jardin d\u2019enfants \u2022 Ecole primaire \u2022 Secondaire 3 rue du Gal. Cassagnou, 68300 Saint-Louis T\u00e9l: 03 89 69 48 89 \/ 06 87 &#8230;<\/p>\n","protected":false},"author":1,"featured_media":0,"parent":0,"menu_order":0,"comment_status":"closed","ping_status":"closed","template":"","meta":{"footnotes":""},"class_list":["post-27","page","type-page","status-publish","hentry"],"_links":{"self":[{"href":"https:\/\/communaute-israelite-saint-louis.fr\/index.php?rest_route=\/wp\/v2\/pages\/27"}],"collection":[{"href":"https:\/\/communaute-israelite-saint-louis.fr\/index.php?rest_route=\/wp\/v2\/pages"}],"about":[{"href":"https:\/\/communaute-israelite-saint-louis.fr\/index.php?rest_route=\/wp\/v2\/types\/page"}],"author":[{"embeddable":true,"href":"https:\/\/communaute-israelite-saint-louis.fr\/index.php?rest_route=\/wp\/v2\/users\/1"}],"replies":[{"embeddable":true,"href":"https:\/\/communaute-israelite-saint-louis.fr\/index.php?rest_route=%2Fwp%2Fv2%2Fcomments&post=27"}],"version-history":[{"count":15,"href":"https:\/\/communaute-israelite-saint-louis.fr\/index.php?rest_route=\/wp\/v2\/pages\/27\/revisions"}],"predecessor-version":[{"id":334,"href":"https:\/\/communaute-israelite-saint-louis.fr\/index.php?rest_route=\/wp\/v2\/pages\/27\/revisions\/334"}],"wp:attachment":[{"href":"https:\/\/communaute-israelite-saint-louis.fr\/index.php?rest_route=%2Fwp%2Fv2%2Fmedia&parent=27"}],"curies":[{"name":"wp","href":"https:\/\/api.w.org\/{rel}","templated":true}]}}

<h4 class="wp-block-heading"></h4>



<h4 class="wp-block-heading">E<strong>cole</strong> <strong>Ner Lemoshé</strong> (Hol&rsquo; et Kodech)</h4>



<h4 class="wp-block-heading">       •<strong> Jardin d’enfants</strong></h4>



<h4 class="wp-block-heading">       • <strong>Ecole primaire </strong></h4>



<h4 class="wp-block-heading">       • <strong>Secondaire</strong></h4>



<p>3 rue du Gal. Cassagnou, 68300 Saint-Louis</p>



<p>Tél: 03 89 69 48 89 / 06 87 94 55 44</p>



<p>Fax: 03 89 69 48 88</p>



<p></p>



<h4 class="wp-block-heading"><strong>Yeshivath Or Hatalmoud</strong></h4>



<p>Rosh Yeshiva : Rav Yaacov MEYER</p>



<p>3 rue du Gal. Cassagnou, 68300 Saint-Louis</p>



<p>Tél: 03 89 69 07 05 (Direction), 03 89 69 06 41 (Elèves)</p>



<p></p>



<p><strong>La Yechivat Or Hatalmoud de St-Louis</strong> est une bonne reproduction de la תיבה de נח, fournissant à la jeunesse de France, Suisse, et d’autres pays encore la protection nécessaire contre les dangers des influences extérieures d’aujourd’hui, et dirigeant leurs énergies vers l’étude de notre תורה הקדושה .</p>



<p>La Yechiva, qui est située en France, à St Louis, aux frontières de la Suisse et l’Allemagne, fut fondée voici 40 ans par le Rosh Yechiva Hagaon Harav Réouven Halévi Meyer Chlita, avec Rav Moché (Marco) Halévi Meyer&nbsp; Chlita , et sous la direction de Maran Hagaon Harav Moché Soloveitchik Zatsal, et plus tard de Maran Hagaon Harav Ahron Yéhouda Leib Shteinmann Zatsal. Elle fut la première Yéchiva de la région enseignant uniquement du Kodesh.</p>



<p>Aujourd’hui, des centaines d’élèves sont passés par la Yéchiva, la plupart desquels&nbsp; sont des Avréchim, dont un grand nombre continue à propager la תורה הקדושה en publiant des Sefarim ainsi qu’en servant de Roshei Yéchiva, Maguidei Chiourim, et Rabanim.&nbsp;</p>



<p></p>

<p>Ecole Ner Lemoshé (Hol&rsquo; et Kodech) • Jardin d’enfants • Ecole primaire • Secondaire 3 rue du Gal. Cassagnou, 68300 Saint-Louis Tél: 03 89 69 48 89 / 06 87 &#8230;</p>
