
{"id":245,"date":"2020-09-22T20:41:28","date_gmt":"2020-09-22T18:41:28","guid":{"rendered":"http:\/\/communaute-israelite-saint-louis.fr\/?page_id=245"},"modified":"2020-10-08T22:14:18","modified_gmt":"2020-10-08T20:14:18","slug":"dons","status":"publish","type":"page","link":"https:\/\/communaute-israelite-saint-louis.fr\/?page_id=245","title":{"rendered":"DONS"},"content":{"rendered":"\n<p><strong><em>CLIQUEZ SUR LE BOUTON \u00ab\u00a0PAYPAL (FAIRE UN DON)\u00a0\u00bb JAUNE PLUS BAS &#8211; LIRE CI-DESSOUS AVANT.<\/em><\/strong><\/p>\n\n\n\n<p><strong><em>Merci de bien vouloir remplir<\/em> <em>le FORMULAIRE PAYPAL<\/em> <em>avec TOUTES vos coordon\u00e9es<\/em> (nom, pr\u00e9nom, ADRESSE POSTALE, email valide) afin de recevoir un CERFA<\/strong> <strong>si vous \u00eates domicili\u00e9 en France<\/strong>. -&gt; LORS DE LA SAISIE DE VOTRE DON VIA PAYPAL, MERCI D&rsquo;ACCEPTER (SUR PAYPAL) LA COMMUNIQUATION DE VOTRE ADRESSE POSTALE POUR RECEVOIR LE CERFA.<\/p>\n\n\n\n<p>Si votre don est destin\u00e9<strong> \u00e0 une autre cause ou un projet en particulier <\/strong>(Projet Mikv\u00e9, Kollel erev, Kollel du jour, Gmach&#8230;), merci de bien vouloir nous envoyer un<strong> email <\/strong>\u00e0 <strong>contactlacisl@gmail.com<\/strong> ainsi que de le pr\u00e9ciser \u00e0 <strong>Schwab.Jean(at)neuf.fr <\/strong>(tr\u00e9sorier). Veiller \u00e0 donner assez d&rsquo;informations pour que nous puissons localiser votre don (montant, noms, projets&#8230;). Dans le cas contraire il restera destin\u00e9 \u00e0 la communaut\u00e9.<\/p>\n\n\n\n<p>Une toute petite partie des dons \u00ab\u00a0autres \u00a0\u00bb est susseptible d&rsquo;\u00eatre destin\u00e9e \u00e0 la communaut\u00e9 pour les frais de gestions mais surtout pour son fonctionnement au quotidien.<\/p>\n\n\n\n<p>La CISL vous remercie d&rsquo;avance pour vos g\u00e9n\u00e9reux dons qui sont pour nous  extr\u00eamement utiles \u00e0 tous niveaux ! <\/p>\n\n\n<style>\n        .wpedon-container .wpedon-select,\n        .wpedon-container .wpedon-input {\n            width: 107px;\n            min-width: 107px;\n            max-width: 107px;\n        }\n    <\/style><div class='wpedon-container wpedon-align-left'><form target='_blank' action='https:\/\/www.paypal.com\/cgi-bin\/webscr' method='post' class='wpedon-form'><input type='hidden' name='cmd' value='_donations' \/><input type='hidden' name='business' value='contactlacisl@gmail.com' \/><input type='hidden' name='currency_code' value='EUR' \/><input type='hidden' name='notify_url' value='https:\/\/communaute-israelite-saint-louis.fr\/wp-admin\/admin-post.php?action=add_wpedon_button_ipn'><input type='hidden' name='lc' value='fr_CA'><input type='hidden' name='bn' value='WPPlugin_SP'><input type='hidden' name='return' value='http:\/\/communaute-israelite-saint-louis.fr\/' \/><input type='hidden' name='cancel_return' value='' \/><input class='wpedon_paypalbuttonimage' type='image' src='https:\/\/www.paypal.com\/fr_CA\/i\/btn\/btn_donate_LG.gif' border='0' name='submit' alt='Make your payments with PayPal. It is free, secure, effective.' style='border: none;'><img alt='' border='0' style='border:none;display:none;' src='https:\/\/www.paypal.com\/fr_CA\/i\/scr\/pixel.gif' width='1' height='1'><input type='hidden' name='amount' id='amount_7ff6671518d54ecf2d4e57fbbc50c680' value='' \/><input type='hidden' name='price' id='price_7ff6671518d54ecf2d4e57fbbc50c680' value='' \/><input type='hidden' name='item_number' value='' \/><input type='hidden' name='item_name' value='' \/><input type='hidden' name='name' value='' \/><input type='hidden' name='custom' value='387'><input type='hidden' name='no_shipping' value='1'><input type='hidden' name='no_note' value='1'><input type='hidden' name='currency_code' value='EUR'><\/form><\/div>\n\n\n\n<figure class=\"wp-block-image size-large is-resized is-style-default\"><img loading=\"lazy\" decoding=\"async\" src=\"http:\/\/communaute-israelite-saint-louis.fr\/wp-content\/uploads\/2020\/10\/qrcode.png\" alt=\"\" class=\"wp-image-419\" width=\"191\" height=\"191\" srcset=\"https:\/\/communaute-israelite-saint-louis.fr\/wp-content\/uploads\/2020\/10\/qrcode.png 500w, https:\/\/communaute-israelite-saint-louis.fr\/wp-content\/uploads\/2020\/10\/qrcode-300x300.png 300w, https:\/\/communaute-israelite-saint-louis.fr\/wp-content\/uploads\/2020\/10\/qrcode-150x150.png 150w\" sizes=\"(max-width: 191px) 100vw, 191px\" \/><\/figure>\n\n\n\n<p><\/p>\n\n\n\n<p><\/p>\n","protected":false},"excerpt":{"rendered":"<p>CLIQUEZ SUR LE BOUTON \u00ab\u00a0PAYPAL (FAIRE UN DON)\u00a0\u00bb JAUNE PLUS BAS &#8211; LIRE CI-DESSOUS AVANT. Merci de bien vouloir remplir le FORMULAIRE PAYPAL avec TOUTES vos coordon\u00e9es (nom, pr\u00e9nom, ADRESSE &#8230;<\/p>\n","protected":false},"author":1,"featured_media":0,"parent":0,"menu_order":0,"comment_status":"closed","ping_status":"closed","template":"template-fullwidth.php","meta":{"footnotes":""},"class_list":["post-245","page","type-page","status-publish","hentry"],"_links":{"self":[{"href":"https:\/\/communaute-israelite-saint-louis.fr\/index.php?rest_route=\/wp\/v2\/pages\/245"}],"collection":[{"href":"https:\/\/communaute-israelite-saint-louis.fr\/index.php?rest_route=\/wp\/v2\/pages"}],"about":[{"href":"https:\/\/communaute-israelite-saint-louis.fr\/index.php?rest_route=\/wp\/v2\/types\/page"}],"author":[{"embeddable":true,"href":"https:\/\/communaute-israelite-saint-louis.fr\/index.php?rest_route=\/wp\/v2\/users\/1"}],"replies":[{"embeddable":true,"href":"https:\/\/communaute-israelite-saint-louis.fr\/index.php?rest_route=%2Fwp%2Fv2%2Fcomments&post=245"}],"version-history":[{"count":21,"href":"https:\/\/communaute-israelite-saint-louis.fr\/index.php?rest_route=\/wp\/v2\/pages\/245\/revisions"}],"predecessor-version":[{"id":426,"href":"https:\/\/communaute-israelite-saint-louis.fr\/index.php?rest_route=\/wp\/v2\/pages\/245\/revisions\/426"}],"wp:attachment":[{"href":"https:\/\/communaute-israelite-saint-louis.fr\/index.php?rest_route=%2Fwp%2Fv2%2Fmedia&parent=245"}],"curies":[{"name":"wp","href":"https:\/\/api.w.org\/{rel}","templated":true}]}}