
{"id":121,"date":"2020-09-16T21:10:07","date_gmt":"2020-09-16T19:10:07","guid":{"rendered":"http:\/\/communaute-israelite-saint-louis.fr\/?page_id=121"},"modified":"2020-10-08T20:54:35","modified_gmt":"2020-10-08T18:54:35","slug":"la-ville-de-st-louis-et-son-marche-de-lemploi","status":"publish","type":"page","link":"https:\/\/communaute-israelite-saint-louis.fr\/?page_id=121","title":{"rendered":"LA VILLE DE ST-LOUIS ET SON MARCHE DE L&rsquo;EMPLOI"},"content":{"rendered":"\n<h2 class=\"wp-block-heading\">La ville de Saint-Louis<\/h2>\n\n\n\n<p><strong>La ville de Saint-Louis<\/strong>&nbsp;(\u00e0 environ 1h10 de Strasbourg en voiture ou en train) en pleine expansion et ses communes environnantes (40.000 ha.) b\u00e9n\u00e9ficient d\u2019une situation g\u00e9ographique id\u00e9ale car limitrophe de l\u2019Allemagne et \u00e0 seulement\u2026 <strong><u>100 m\u00e8tres de la Suisse et de B\u00e2le<\/u>\/Base<\/strong>l&nbsp;(200.000 ha.)&nbsp;! \u2026<\/p>\n\n\n\n<h2 class=\"wp-block-heading\"><strong>Y travailler\u2026<\/strong>&nbsp;(Saint-Louis et B\u00e2le\/Basel)<\/h2>\n\n\n\n<p>\u2026Gr\u00e2ce \u00e0 cela un&nbsp;<strong>grand panel de&nbsp;<u>m\u00e9tiers<\/u><\/strong>&nbsp;<strong>salari\u00e9s<\/strong>&nbsp;est \u00e0 pourvoir&nbsp;<strong>dans la Finance, Marketing, L\u00e9gal\/Juriste, RH, la Pharmacie, la Recherche et autres secteurs\u2026&nbsp;<\/strong>au niveau de&nbsp;<strong>l\u2019industrie pharmaceutique<\/strong>&nbsp;<strong>et chimique<\/strong>&nbsp;dont beaucoup de&nbsp;<strong>si\u00e8ges mondiaux<\/strong>&nbsp;sont bas\u00e9s \u00e0&nbsp;<strong>B\u00e2le.&nbsp;<\/strong>&nbsp;<\/p>\n\n\n\n<p><strong>-&gt;<\/strong> LA CISL A DE NOMBREUX CONTACTS POUR VOUS <strong>AIDER A TROUVER UN EMPLOI EN SUISSE <\/strong>AVEC LA PERPECTIVE DE<strong> RESIDER A SAINT-LOUIS<\/strong>, CELA SPECIALEMENT SI VOUS PARLEZ ALLEMAND &#8211; N&rsquo;HESITEZ PAS A NOUS CONTACTER PAR EMAIL: CONTACTLACISL@GMAIL.COM<\/p>\n\n\n\n<p><strong><u>Les Professions Lib\u00e9rales<\/u><\/strong>&nbsp;telles que M\u00e9decins (G\u00e9n\u00e9ralistes et Sp\u00e9cialistes), Dentistes, Avocats\u2026&nbsp; sont \u00e9galement tr\u00e8s sollicit\u00e9es \u00e0&nbsp;<strong>Saint-Louis.&nbsp;<\/strong>La patient\u00e8le\/client\u00e8le peut \u00eatre assur\u00e9e tr\u00e8s rapidement\u2026&nbsp;<strong>tant les besoins sont largement sup\u00e9rieurs aux disponibilit\u00e9s&nbsp;!<\/strong>&nbsp;&nbsp;<\/p>\n\n\n\n<h2 class=\"wp-block-heading\">A\u00e9roport international &#8211; vol direct Isra\u00ebl&nbsp;<\/h2>\n\n\n\n<p><strong>L\u2019a\u00e9roport international<\/strong>&nbsp;\u00e0 2km permet l\u2019acc\u00e8s \u00e0 tous type d\u2019emplois, mais surtout\u2026vous \u00eates en vol direct \u00e0 quelques heures d\u2019Isra\u00ebl&nbsp;seulement!<\/p>\n\n\n\n<h2 class=\"wp-block-heading\">Logements<\/h2>\n\n\n\n<p>De plus, le prix des&nbsp;<strong>logements&nbsp;<\/strong>\u00e0 Saint-Louis est attractif avec une bonne qualit\u00e9 de vie.<\/p>\n\n\n\n<iframe loading=\"lazy\" src=\"https:\/\/www.google.com\/maps\/embed?pb=!1m14!1m8!1m3!1d86093.24815820086!2d7.542957!3d47.598639!3m2!1i1024!2i768!4f13.1!3m3!1m2!1s0x4791bbff5d0dcff1%3A0x40a5fb99a392ee0!2sSaint-Louis!5e0!3m2!1sfr!2sfr!4v1602183150063!5m2!1sfr!2sfr\" width=\"600\" height=\"450\" frameborder=\"0\" style=\"border:0;\" allowfullscreen=\"\" aria-hidden=\"false\" tabindex=\"0\"><\/iframe>\n","protected":false},"excerpt":{"rendered":"<p>La ville de Saint-Louis La ville de Saint-Louis&nbsp;(\u00e0 environ 1h10 de Strasbourg en voiture ou en train) en pleine expansion et ses communes environnantes (40.000 ha.) b\u00e9n\u00e9ficient d\u2019une situation g\u00e9ographique &#8230;<\/p>\n","protected":false},"author":1,"featured_media":0,"parent":0,"menu_order":0,"comment_status":"closed","ping_status":"closed","template":"","meta":{"footnotes":""},"class_list":["post-121","page","type-page","status-publish","hentry"],"_links":{"self":[{"href":"https:\/\/communaute-israelite-saint-louis.fr\/index.php?rest_route=\/wp\/v2\/pages\/121"}],"collection":[{"href":"https:\/\/communaute-israelite-saint-louis.fr\/index.php?rest_route=\/wp\/v2\/pages"}],"about":[{"href":"https:\/\/communaute-israelite-saint-louis.fr\/index.php?rest_route=\/wp\/v2\/types\/page"}],"author":[{"embeddable":true,"href":"https:\/\/communaute-israelite-saint-louis.fr\/index.php?rest_route=\/wp\/v2\/users\/1"}],"replies":[{"embeddable":true,"href":"https:\/\/communaute-israelite-saint-louis.fr\/index.php?rest_route=%2Fwp%2Fv2%2Fcomments&post=121"}],"version-history":[{"count":9,"href":"https:\/\/communaute-israelite-saint-louis.fr\/index.php?rest_route=\/wp\/v2\/pages\/121\/revisions"}],"predecessor-version":[{"id":422,"href":"https:\/\/communaute-israelite-saint-louis.fr\/index.php?rest_route=\/wp\/v2\/pages\/121\/revisions\/422"}],"wp:attachment":[{"href":"https:\/\/communaute-israelite-saint-louis.fr\/index.php?rest_route=%2Fwp%2Fv2%2Fmedia&parent=121"}],"curies":[{"name":"wp","href":"https:\/\/api.w.org\/{rel}","templated":true}]}}

<h2 class="wp-block-heading">La ville de Saint-Louis</h2>



<p><strong>La ville de Saint-Louis</strong>&nbsp;(à environ 1h10 de Strasbourg en voiture ou en train) en pleine expansion et ses communes environnantes (40.000 ha.) bénéficient d’une situation géographique idéale car limitrophe de l’Allemagne et à seulement… <strong><u>100 mètres de la Suisse et de Bâle</u>/Base</strong>l&nbsp;(200.000 ha.)&nbsp;! …</p>



<h2 class="wp-block-heading"><strong>Y travailler…</strong>&nbsp;(Saint-Louis et Bâle/Basel)</h2>



<p>…Grâce à cela un&nbsp;<strong>grand panel de&nbsp;<u>métiers</u></strong>&nbsp;<strong>salariés</strong>&nbsp;est à pourvoir&nbsp;<strong>dans la Finance, Marketing, Légal/Juriste, RH, la Pharmacie, la Recherche et autres secteurs…&nbsp;</strong>au niveau de&nbsp;<strong>l’industrie pharmaceutique</strong>&nbsp;<strong>et chimique</strong>&nbsp;dont beaucoup de&nbsp;<strong>sièges mondiaux</strong>&nbsp;sont basés à&nbsp;<strong>Bâle.&nbsp;</strong>&nbsp;</p>



<p><strong>-&gt;</strong> LA CISL A DE NOMBREUX CONTACTS POUR VOUS <strong>AIDER A TROUVER UN EMPLOI EN SUISSE </strong>AVEC LA PERPECTIVE DE<strong> RESIDER A SAINT-LOUIS</strong>, CELA SPECIALEMENT SI VOUS PARLEZ ALLEMAND &#8211; N&rsquo;HESITEZ PAS A NOUS CONTACTER PAR EMAIL: CONTACTLACISL@GMAIL.COM</p>



<p><strong><u>Les Professions Libérales</u></strong>&nbsp;telles que Médecins (Généralistes et Spécialistes), Dentistes, Avocats…&nbsp; sont également très sollicitées à&nbsp;<strong>Saint-Louis.&nbsp;</strong>La patientèle/clientèle peut être assurée très rapidement…&nbsp;<strong>tant les besoins sont largement supérieurs aux disponibilités&nbsp;!</strong>&nbsp;&nbsp;</p>



<h2 class="wp-block-heading">Aéroport international &#8211; vol direct Israël&nbsp;</h2>



<p><strong>L’aéroport international</strong>&nbsp;à 2km permet l’accès à tous type d’emplois, mais surtout…vous êtes en vol direct à quelques heures d’Israël&nbsp;seulement!</p>



<h2 class="wp-block-heading">Logements</h2>



<p>De plus, le prix des&nbsp;<strong>logements&nbsp;</strong>à Saint-Louis est attractif avec une bonne qualité de vie.</p>



<iframe loading="lazy" src="https://www.google.com/maps/embed?pb=!1m14!1m8!1m3!1d86093.24815820086!2d7.542957!3d47.598639!3m2!1i1024!2i768!4f13.1!3m3!1m2!1s0x4791bbff5d0dcff1%3A0x40a5fb99a392ee0!2sSaint-Louis!5e0!3m2!1sfr!2sfr!4v1602183150063!5m2!1sfr!2sfr" width="600" height="450" frameborder="0" style="border:0;" allowfullscreen="" aria-hidden="false" tabindex="0"></iframe>

<p>La ville de Saint-Louis La ville de Saint-Louis&nbsp;(à environ 1h10 de Strasbourg en voiture ou en train) en pleine expansion et ses communes environnantes (40.000 ha.) bénéficient d’une situation géographique &#8230;</p>
